 of l(-4).
13, 37
Let c(h) = -426*h + 65. List the prime factors of c(-3).
17, 79
Let h be (0 - (-2)/(-4))/((-3)/612). What are the prime factors of 8/12*h/1?
2, 17
Suppose 2*k - 2*l = -2*k + 684, -k + 171 = 5*l. Suppose 5*i - k = -26. Suppose -131 = -3*r - i. List the prime factors of r.
2, 17
Suppose -3*d + d + 5*z + 6 = 0, -9 = -3*d + z. Let t be 10/d*(-132)/(-10). Let v = t - 23. What are the prime factors of v?
3, 7
Let i be 19/4 - (0 + (-2)/8). Suppose -56 = -i*a + 34. What are the prime factors of a?
2, 3
Let h be 131 - (-1 + 7) - (1 - 1). Suppose 2*g + h = 5*p, -5*p + 127 - 22 = 2*g. List the prime factors of p.
23
Let l(z) = -z**2 - 8*z + 3. Let c be l(-8). List the prime factors of 0 + (24 - (-2 - c)).
29
Suppose -p + 135 = 5*c - 149, 2*p = 8. Let i = -106 + 77. Let w = i + c. What are the prime factors of w?
3
Suppose -5*b + 10431 = h + 1565, 3*b - 2*h = 5330. List the prime factors of b.
2, 887
Suppose 9 = -3*d, -110 = s - 3*d - 564. List the prime factors of s.
5, 89
Let j(k) = -2*k**3 + 4*k**2 + 10*k + 18. List the prime factors of j(-4).
2, 5, 17
Let p be (5 - 0) + 0/(-3). Suppose 0 = p*a - 763 - 37. Suppose w = 4*y + 8, 0 = -5*w - 2*y - 2*y + a. List the prime factors of w.
2, 7
Suppose -3*h = -2*w - 2387, 2*h - 453 = 2*w + 1141. What are the prime factors of h?
13, 61
Let z(s) be the second derivative of -s**4/12 + 5*s**3/3 - 6*s**2 + 3*s. List the prime factors of z(6).
2, 3
Suppose 0*v - 20 = 3*r + v, -2*v - 35 = 5*r. What are the prime factors of 205 - (-25)/10*(-4)/r?
3, 23
Let w = 5 + -2. Suppose 2*m + w = -m. What are the prime factors of 2 + m + (2 - -16)?
19
Suppose 4*r - 2479 + 635 = 0. What are the prime factors of r?
461
Let y be (-67)/3 + 2/(-3). Let z = 201 - 116. Let s = y + z. What are the prime factors of s?
2, 31
Let r = -2678 - -4714. What are the prime factors of r?
2, 509
Let d(o) = o**3 + 7 + 1 - 6 - 3*o**2 + 7*o + 11*o**2. Let z be d(-7). Suppose z*j - 4*m = -4, 2 = m - 1. What are the prime factors of j?
2
Let p be (-6)/(-18)*6*(-538)/(-4). Suppose 5*m - p = 241. What are the prime factors of m?
2, 3, 17
Let z = -8 - -32. Let s = 34 - z. Suppose -3*u + s = 3*g - g, 17 = 4*u - g. List the prime factors of u.
2
Suppose 2*v - 3*o + 202 = 3, -5*v - 463 = 4*o. Let r = -32 - v. List the prime factors of r.
3, 7
Let t = -2963 + 6443. What are the prime factors of t?
2, 3, 5, 29
Suppose 16*h - 1923 = 4525. List the prime factors of h.
13, 31
Suppose -3*z + 2072 = 3*b + z, -3*z - 3405 = -5*b. List the prime factors of b.
2, 3, 19
Suppose -97 = 2*r + 49. Let h = r - -78. List the prime factors of h.
5
Let a(z) = 234*z**2 - 47*z + 4. List the prime factors of a(4).
2, 5, 89
Suppose 5*i + f = 20, -i = -2*i + 3*f + 20. List the prime factors of 40 - (-15)/(-25)*i.
37
Let o(n) = n**3 - 6*n**2 - n + 11. Suppose -2*w - 3 + 15 = 0. List the prime factors of o(w).
5
Let j be (-4)/8*2 - -12. Suppose -j*h + 9*h = -122. What are the prime factors of h?
61
What are the prime factors of 1010/6 + -1*3/9?
2, 3, 7
Suppose 0 = -11*d + 5953 + 10217. What are the prime factors of d?
2, 3, 5, 7
Let y(v) = v**2 - 11*v + 27. What are the prime factors of y(19)?
179
Suppose 97 = 5*z - 28. Let j(s) = -3*s + 4. Let r be j(5). Let v = r + z. What are the prime factors of v?
2, 7
Suppose -3*m + 14 = -m. Suppose 3*c + 8 = m*c. List the prime factors of ((-75)/(-10))/(c/4).
3, 5
Let u(j) = 2*j**2 + 10*j - 7. Let f be u(-6). Suppose -209 + f = -c. What are the prime factors of c?
2, 3, 17
Let p(t) = -3*t**3 + 9*t**2 - 4*t + 9. Let h be p(6). Let w be 4/16 - h/(-12). What are the prime factors of (-1)/2 + (-770)/w?
3
Let m(k) = 4003*k**2 - 2 - 2*k + 3*k - 4001*k**2. List the prime factors of m(3).
19
Suppose -15*l = -29*l + 30114. What are the prime factors of l?
3, 239
Let z be 96 + -3 - (-3 - 0). Suppose 4*r = 4*x - 0*x - z, -5*x + 2*r + 135 = 0. Let b = x + -14. List the prime factors of b.
3, 5
Let v(d) = -d**3 + 4*d**2 + d. Let n be v(4). Suppose 0 = -n*r + r - 81. List the prime factors of (-2 - r*1) + 1.
2, 13
Suppose o - 84 = -28. Suppose 7*x - o = 5*x. Suppose -k = -x - 17. What are the prime factors of k?
3, 5
Let f(j) = -7*j**3 + j. Let u be ((-4)/(-6))/((-12)/(-18)). Let r be f(u). Let q(m) = -3*m - 11. List the prime factors of q(r).
7
Let j = -22 + 28. Suppose -3*z - 168 = -3*b - j*z, 0 = -4*b - 5*z + 222. What are the prime factors of b?
2, 29
Let m(a) = 40*a - 18. List the prime factors of m(6).
2, 3, 37
Let x be 4*1 + 5 + -7. Suppose 53 = g - 7*a + x*a, 2*g = 5*a + 131. What are the prime factors of g?
2, 3, 13
Let h(x) = -45 + 27*x + 56 + 39*x. List the prime factors of h(2).
11, 13
Suppose 3*v - 168 = -3*g, -2*v + 42 = g - 70. Suppose v = w + 2*l, w + 2*w = 3*l + 213. What are the prime factors of w?
2, 3, 11
Suppose -2*c = -2*u - 680, -1737 = -5*c - 2*u - 9. What are the prime factors of c?
2, 43
Suppose 5*n - n = -36. Let f be (28/(-35))/(4/90). What are the prime factors of (n/f)/((-1)/(-24))?
2, 3
Let i = -29 - -17. Let c be 16/(-12) + (-28)/i. What are the prime factors of (c + 154)*(-2)/(-5)?
2, 31
Let y = 20 + 69. What are the prime factors of y?
89
Suppose -3*m = j - 261, 6*j = 9*j + 3*m - 807. List the prime factors of j.
3, 7, 13
Suppose h - 4*h = -63. Let r be (-9 - -5)*(-35)/20. Let o = h - r. What are the prime factors of o?
2, 7
Let b(w) = 23*w**2 + 2*w + 4. Let s(n) = -2*n**2 + 2*n - 2. Let i be s(1). What are the prime factors of b(i)?
2, 23
Suppose -4*v - 4*s + 1700 = 0, 3*v - 3*s - 1177 = 86. Suppose 5*o - v = 707. List the prime factors of o.
2, 113
Let s(p) = -34*p - 124. List the prime factors of s(-9).
2, 7, 13
Suppose -z = 3*z + 180. Let q be (-3)/(-15) + (-6)/5. What are the prime factors of z/(q - 3/6)?
2, 3, 5
Let s = 28 - 25. Suppose 0*l - 5*d = l - 13, 18 = 4*l + s*d. List the prime factors of l - (-2 - -4) - -24.
5
Let s(k) = -2 - 1 + 2 + 9*k - 5 - k**2. Let x be s(8). Suppose 0*r = x*r - 52. List the prime factors of r.
2, 13
List the prime factors of 6/5*-4*76365/(-108).
2, 1697
Suppose 3*v + 941 = 3*m - 157, 5*m = 4*v + 1825. List the prime factors of m.
19
Let n(d) = -20 - 15 - 3*d - 7*d. What are the prime factors of n(-17)?
3, 5
Let v = 63 - 115. Let i = 9 + -5. List the prime factors of i - 3/(6/v).
2, 3, 5
Suppose 5*w - 2*l + 0*l - 1121 = 0, -w = -4*l - 235. List the prime factors of w.
223
Let a(i) = -i**3 + 14*i**2 - 25*i - 22. What are the prime factors of a(11)?
2, 3, 11
Suppose -4*q + 0*q + 20 = 5*x, -4*x - 3*q = -16. What are the prime factors of (-4)/(1/(-110)*x)?
2, 5, 11
Let o be (-2712)/(-32) + 2/8. Suppose 0 = 3*a + l - o, -3*a = 2*a + 4*l - 144. What are the prime factors of a?
2, 7
Let a be (0/(-2))/(4/(-8)*4). Suppose -4*t - 39 + 219 = 0. Let k = t + a. List the prime factors of k.
3, 5
List the prime factors of (-195)/(-21) + -9 + (-4042)/(-14).
17
Let b(n) = -4*n**2 - 14*n + 19. Let q(i) = -2*i**2 - 7*i + 10. Let h(l) = 4*b(l) - 7*q(l). Let f be h(-6). Let x = f + 83. List the prime factors of x.
59
Let i = 587 + 734. What are the prime factors of i?
1321
Let b = -50 + 55. Suppose 3*u - 80 = -b*i - 2*u, -u + 33 = 2*i. List the prime factors of i.
17
Let u = 10 - 11. List the prime factors of (-2 + u)*(-111)/6*2.
3, 37
Let m(l) = 4*l**2 + 4*l - 4. Let d be m(-8). Let n be d/6*3 - -4. Suppose 2*t - r + 6*r = n, -228 = -4*t + 3*r. What are the prime factors of t?
3, 19
Suppose 2*a - 3*m = 5*a - 3243, -3*a + 3*m = -3225. What are the prime factors of a?
2, 7, 11
Suppose 3*c = -5*s + 3426, 0*s + 1362 = 2*s - 3*c. What are the prime factors of s?
2, 3, 19
Suppose -1116*n + 1114*n = -2966. What are the prime factors of n?
1483
Let g = 1426 - 381. List the prime factors of g.
5, 11, 19
Let t = 55 + -48. List the prime factors of 4/28*2 + 1090/t.
2, 3, 13
Let d(o) = 1044*o**2 + 3*o. What are the prime factors of d(-1)?
3, 347
Let g(f) = f**3 - 10*f**2 + 7*f + 5. Suppose -2*s = -4*s + 18. Let y be g(s). Let p = y + 16. List the prime factors of p.
3
Let w(d) = 54*d - 2. Let z be (-2)/(-5) + 65/25. List the prime factors of w(z).
2, 5
Suppose -1277*d = -1271*d - 13200. List the prime factors of d.
2, 5, 11
Suppose 4*r + 90 = 14. Let q = r - -17. List the prime factors of (-4 + 14)/(q/(-8)).
2, 5
Let x(b) = -4*b**2 + b**3 - 6*b - 7*b**2 - 17 + 5*b**2. Let i be x(7). List the prime